s digit of p?
5
Suppose -a - 7 - 8 = -k, 0 = -a. What is the tens digit of k?
1
Suppose z + 0 - 4 = 0. Suppose o + 3*o + 53 = 3*m, -4*m - z*o + 52 = 0. What is the units digit of m?
5
Let j(n) = 11*n**2 - 1. Let z be j(-1). Suppose l = -0 + z. What is the units digit of l?
0
Let u be ((-1)/(-3))/((-4)/(-48)). Suppose -u*s - 20 = -2*c, -c - 2 = 4*s + 6. What is the units digit of c?
4
Suppose 2*x = 2*l, -3*l = -4*x - x + 4. What is the units digit of l?
2
Let u be 73/2 - 18/(-12). Suppose -4*v - u = -2*y, 4*v - 1 = -4*y + 27. What is the tens digit of y?
1
Let h(n) = 0 + 4 - 3 - 3*n + 3*n**2 - 2*n**2. What is the units digit of h(7)?
9
Suppose -4 = -13*n + 11*n. Suppose -d - 3*t = n*d - 15, -2*d + 22 = -t. What is the units digit of d?
9
What is the hundreds digit of (-3)/(((-15)/580)/1)?
1
Let c(j) = -j**2 - 15*j - 6. Let i be c(-11). Let f = -25 + i. What is the tens digit of f?
1
Suppose 6 = -3*f, 2*x - f - 110 = f. What is the tens digit of x?
5
Let h(q) = -q**3 + 13*q**2 + 14*q + 16. What is the units digit of h(13)?
8
Let y(z) = -z**3 - 10*z**2 - 9*z + 2. Let b be y(-9). What is the units digit of -1*((-2)/b + -3)?
4
What is the tens digit of (-122)/6*-3 - -2 - -2?
6
Let i(j) = j + 2. Let m be i(0). What is the units digit of 0 - (-3 + m)*19?
9
Suppose 0 = -10*t + 16*t - 222. What is the units digit of t?
7
Suppose -3*b + 8 = -7. Suppose c + 3 - b = 0. Suppose 2*a - c = 14. What is the units digit of a?
8
Suppose 4*c + 8*j = 3*j + 13, -2*c - j + 5 = 0. Suppose -3*w = c*w - 55. What is the tens digit of w?
1
What is the units digit of (-15)/(10/15 + -1)?
5
Suppose -4 = -2*n + 2*l - 2, -5*n = 2*l - 12. What is the units digit of (n/5)/(3/30)?
4
Suppose w - 2 = 2. Let l be (-78)/w*(-4 + 2). Suppose 4*j + 7 - l = 0. What is the units digit of j?
8
Suppose 5*y + 4*m - 29 = 0, 4*m = -11 - 5. Let n = y + -1. What is the units digit of n?
8
Suppose w = 13 + 136. What is the hundreds digit of w?
1
Suppose -8*n - 87 = -9*n. What is the units digit of n?
7
Let w = 1 - -1. What is the units digit of (-3)/((w/(-7))/2)?
1
Let z be 1*(0 + (0 - -62)). Suppose 0*q - z = -4*i + 3*q, -23 = -i - 3*q. Let r = 33 - i. What is the units digit of r?
6
Let n(z) = -2*z**3 - 3*z**2 - z - 2. Let m be n(-2). Suppose -2*q = 5*r, -m*q + 0*q = 4*r. Suppose r = 4*o - 26 - 34. What is the units digit of o?
5
Suppose -2*n + 3*r - 14 = 0, -2*n - 3*r = 3*n + 56. Let o(m) = -3*m - 12. What is the tens digit of o(n)?
1
Let k be 3/12 + 59/4. Let b = -5 + k. What is the tens digit of b?
1
Let g(l) = -2*l - 3. Let a be g(-7). Suppose -5*b - 45 = 5*m, 0 = 2*m + b + a + 2. Let q = m + 9. What is the units digit of q?
5
Let m be 2/(6/3) + 1. Suppose -50 = -4*n + m. What is the units digit of n?
3
Let j(x) = 5*x + 15. What is the tens digit of j(23)?
3
Let b = 18 + -32. Suppose -p - 6 = -0*p. Let k = p - b. What is the units digit of k?
8
Suppose -3*a - 15 = -8*a. Suppose 48 = 5*u - 0*c - 2*c, 4*u = -a*c + 43. What is the units digit of u?
0
Let n = -4 + -1. What is the tens digit of 51*(10/(-6))/n?
1
Suppose -2*r - z = -6*z - 283, 4*r + z = 555. What is the tens digit of r?
3
Suppose 2*t = 44 + 4. What is the units digit of t?
4
Suppose -j = 2*j - 93. Suppose -4*l + l - 2*h + j = 0, -4*l + h + 34 = 0. Suppose -3*x + 18 = -l. What is the units digit of x?
9
Let u(z) = -8*z**3 + z**2 + 5*z - 6. What is the hundreds digit of u(-3)?
2
Let a = 22 + -21. What is the units digit of a?
1
Suppose z + 1 = 5. Suppose 0 = z*i + 3 - 27. What is the units digit of i?
6
Let p(z) = z**2 + 11*z + 29. What is the units digit of p(-14)?
1
Let n(k) = -k**3 - 8*k**2 - 2*k - 10. Suppose 8 = 3*v + 38. Let w = v + 2. What is the units digit of n(w)?
6
Suppose 2*r = 7*r + 15. Let x = r - -5. Suppose 0 = 5*n - n + 8, -n + x = y. What is the units digit of y?
4
Let w(l) = 3*l - 5. What is the units digit of w(2)?
1
Let k(w) = -25*w - 64. What is the hundreds digit of k(-9)?
1
Let p(g) be the third derivative of 17*g**4/24 - 5*g**3/6 - 8*g**2. What is the units digit of p(3)?
6
Let o = 8 - 6. Let b(n) = 0*n + 4*n + n**3 + 5*n - 2*n + 7*n**o. What is the units digit of b(-5)?
5
Let t(b) = -b + 1. Let f be t(2). What is the units digit of 1/(f*4/(-36))?
9
Suppose -16 = s + 5*f, 5*s - 3*f = 42 - 10. Suppose 0 = -5*o + b + 47, o + 27 = s*o - b. What is the units digit of o?
0
Let w(x) = 5*x - 30. What is the tens digit of w(13)?
3
Let t = 0 + 0. Suppose -2*a = -8, b + 3*a = -t*a + 120. What is the units digit of (-6)/(-30) - b/(-10)?
1
Let t = -3 - -9. Suppose 3*g + 0*g + 12 = 0, -2*x - t = 3*g. What is the units digit of x?
3
Let y be -2 + 2*3*1. Suppose -y*q - 11 + 3 = 2*d, 2 = -q. Suppose d = 5*m - 2*m - 9. What is the units digit of m?
3
Suppose 5*h = -2*o - 15, -1 = 2*h + o + 6. Let i be (h/1)/(0 + -1). What is the units digit of (-55)/(-15) + i/3?
4
Let o = 38 + 95. What is the hundreds digit of o?
1
Let f be 5/(-15)*-1*12. What is the tens digit of 24 - f/(-4)*2?
2
Suppose k = 2*k. Let a be (k/2)/(1 - 0). Suppose -n + 2 = -a. What is the units digit of n?
2
Let x = -47 - -94. What is the tens digit of x?
4
Suppose g - 2 - 3 = 0. Suppose g + 5 = 5*d. Suppose -1 + d = a. What is the units digit of a?
1
What is the tens digit of 71 - (-4 - (3 + -8))?
7
What is the units digit of -6 - -9 - (-6)/(-3)?
1
Let s(n) = -n**2 + 9*n + 10. Let q be s(9). What is the units digit of 4*5*8/q?
6
What is the units digit of 2/(-4) + (-209)/(-2) + -3?
1
Suppose -d + 146 = 5*u - 0*d, -2*u + 64 = -d. Suppose 6 + u = 4*y. What is the units digit of y?
9
Let z(h) = -h**3 + 2*h**2 - 2*h - 6. What is the tens digit of z(-3)?
4
Suppose -275 = 4*h - 3*r, 4*h + 3*r = -r - 240. Let i = -44 - h. What is the units digit of i?
1
Let p(w) = -2*w + w - 2*w**2 + 5 + 3*w + w**2. Let b be p(4). What is the units digit of (b + -3)/(-2) + -2?
1
Let w(i) = -i. Let n be w(-6). Let z = -19 + 34. What is the units digit of (-16)/(-10) + n/z?
2
Suppose 5*d = 4*d + 7. Let f = -10 + d. What is the units digit of (-16)/(-3)*f/(-2)?
8
Suppose -4*s = -4*v - 16, 14 - 2 = 3*s - v. Suppose -s*y - y = -25. Suppose -2*o + 3 = -4*a - 3, -y*a + 30 = 5*o. What is the units digit of o?
5
Let z(r) = -r. Let v be z(-3). Suppose 0 = -v*q - 7 + 19. Suppose i + q*i = -w - 3, -37 = -5*w + i. What is the units digit of w?
7
Let l = -18 + 25. Suppose 4*v - 3*v = 5. Let s = l - v. What is the units digit of s?
2
Let z(a) = -a**3 + a**2 - a + 3. Let m be z(0). Let d(h) = 3*h - 4. What is the units digit of d(m)?
5
Suppose 7*w - 145 = 2*w. Let y = w + -18. What is the units digit of y?
1
Let j = 6 - 3. Let a be (j - 1)*55/(-10). Let d = 15 + a. What is the units digit of d?
4
Let d(w) = -7*w**2 - 2*w - 3. Let y(b) = -4*b**2 - b - 2. Let c(v) = -3*d(v) + 5*y(v). What is the units digit of c(-2)?
1
Let b(w) = -w**3 - 3*w**2 - 2*w + 2. Let v be b(-3). Suppose 6*u = 4*u + v. Suppose u*c - 28 + 4 = 0. What is the units digit of c?
6
Suppose -3*o = -4*o + 12. Suppose -3*p + 6 = 0, 0*n + 4*p = 2*n - o. What is the tens digit of n?
1
Let z(c) = c**2 + 9*c + 11. Suppose 4*m + 18 = 6, 0 = -2*l + m - 13. Let y be z(l). Suppose -2*r - y*r = -15. What is the units digit of r?
3
Let q be ((-2)/(-4))/((-1)/6). What is the units digit of q/(-6) + 11/2?
6
Suppose 6 = -3*v, 0 = b + b + 5*v. What is the units digit of b?
5
Let p(m) = m**3 + m - 46. Let d be p(0). Let l = d - -65. What is the units digit of l?
9
Let m be (-2)/(-5) + 4/(-10). What is the tens digit of 3 - (3 - m) - -27?
2
Suppose 3*w + 5*d = -14, -w - d - 10 = -2*d. What is the units digit of w/(-20) - (-16)/10?
2
Let s be 27 + (0 - (5 + -3)). Let m = -3 - -9. Let b = s - m. What is the tens digit of b?
1
What is the units digit of (-12)/(-3)*20/8?
0
Suppose 3*w = -3*w + 276. What is the tens digit of w?
4
Suppose r + 4 = 9. Let j = 13 + r. What is the units digit of j?
8
Let b = 2 + 2. Suppose -b*u - 28 = -6*u. Suppose 1 = 3*x - u. What is the units digit of x?
5
Let r = 15 + -3. What is the tens digit of r?
1
Let x(w) = 5*w**2 + 3*w - 1. Let u be 16/(-5) - 1/(-5). What is the units digit of x(u)?
5
Suppose 2*a = 2*v - 234, -2*a + 1 = -5. What is the tens digit of v?
2
Let p(d) = 1 - 2 - 5 - 3*d. Let x be p(-5). Suppose -x = -v + 3. What is the units digit of v?
2
Suppose 5*s + 18 = -t + 3, -2*s + 6 = -2*t. Let h be (-2)/(-